 What is the remainder when l is divided by 29?
21
Suppose -2*x + 4*u + 23 = -17, -4*x - 3*u + 91 = 0. Let m = 37 - x. Calculate the remainder when m is divided by (6/(-7))/((-9)/42).
3
Suppose 3*v - 19 = 5*n + 44, 0 = -n. What is the remainder when (62/6)/(4 + 55/(-15)) is divided by v?
10
Suppose 0*d = 12*d - 1464. What is the remainder when d is divided by 35?
17
Suppose -7*v - 396 = 2*v. Let l = 60 + v. Let u = -53 + 99. Calculate the remainder when u is divided by l.
14
Let u(g) = g**2 - 2*g - 3. Let l = -81 + 219. Let v = l + -81. What is the remainder when v is divided by u(-3)?
9
Let m(l) = 0*l + 96 + l + l**2 - 29. Calculate the remainder when m(0) is divided by 0 - (14 + 3)*(9 + 10/(-1)).
16
Let t be (-45)/(-27) + (-1)/(-3). Let n(a) = 13*a - a**2 - 11*a - 7*a - t - 12*a. What is the remainder when n(-8) is divided by 18?
16
Let v(g) = -12*g**3 + 12*g**2 + 26*g + 2. What is the remainder when v(-3) is divided by 45?
41
Suppose -20*v - 125 = -25*v. Calculate the remainder when 58 is divided by v.
8
Let a(q) = -11*q**2 + 18*q - 14. Let u(k) = -5*k**2 + 9*k - 7. Let o(r) = -4*a(r) + 9*u(r). What is the remainder when 24 is divided by o(5)?
11
Let l(v) = -5 + 2 + 2*v - v**3 - v**3 - 19*v**2 + 3*v**3. Calculate the remainder when l(19) is divided by 19.
16
Let b be 1 - 3/(-6)*10. Calculate the remainder when 8 is divided by ((-33)/(-22))/(b/20).
3
Let v(h) = 28*h - 527. Calculate the remainder when v(19) is divided by 4/14 + (-10)/(-14).
0
Let n be 995/2*(-308)/(-55). Calculate the remainder when 20/(-130) + n/26 is divided by 22.
19
What is the remainder when 218/5 + (-54)/90 is divided by 5?
3
Calculate the remainder when ((-3384)/(-180))/((-1)/(-5)) is divided by 38.
18
Let d(s) = s**3 - 7*s**2 - 5*s + 4. Let o(k) = k**3 + 7*k**2 - 2*k - 6. Let l be o(-7). Calculate the remainder when 110/7*(l - 1) is divided by d(8).
26
Let y = 8 + -8. Suppose y = -f + 7 + 4. Calculate the remainder when 42 is divided by f.
9
Let t = 4488 - 4482. What is the remainder when (-2)/2 - (-18 + 0) is divided by t?
5
Let q(v) = v**3 + 11*v**2 - 3. Let i be q(-9). Calculate the remainder when (-4)/(-6)*i/2 is divided by 18.
17
Suppose 27 = 4*w - w. Suppose 2 + w = -o. Let d = -5 - o. What is the remainder when 10 is divided by d?
4
Let w(d) = 3*d**2 + d + 1. Suppose -6 - 4 = -5*o. Suppose 5*z - 11 = o*u, -z = z - 6. Calculate the remainder when 41 is divided by w(u).
11
Let a be ((-5)/30*-22)/(3/9). Suppose 100 - 452 = -a*u. What is the remainder when u is divided by 18?
14
Suppose -3*n - 4*q + 181 = 0, 38*q - 10 = 43*q. What is the remainder when 78 is divided by n?
15
Suppose 5*s + 2*m = 1680, 5*s - m - 582 = 1098. Calculate the remainder when 64 is divided by s/15 - (-2 - 24/(-10)).
20
Suppose -4*p + 16 = -0*p. Suppose -4*x + 5*m = -24, 3*x - m - 33 = -p. What is the remainder when x is divided by 2?
1
Calculate the remainder when 44 is divided by 1/5 + (-87)/(-15).
2
Let s = 29 - 40. Let c = s - -13. Calculate the remainder when 1 is divided by 1/(-1 - (c + -4)).
0
Let x = -932 + 949. Calculate the remainder when 94 is divided by x.
9
Suppose -707 = -19*f + 1003. Calculate the remainder when f is divided by 32.
26
Let n(w) = -w**3 - 6*w**2 - w + 8. Let q = -21 + 30. Suppose -y + 2 = y - 4*j, 3*y + q = 3*j. What is the remainder when n(y) is divided by 17?
13
Let l = -147 + 636. Suppose -p + l = 5*o, -18 = -3*o - 3*p + 273. Let v = -44 + o. What is the remainder when v is divided by 14?
12
Suppose q + 354 = -0*q. Let i be q/(-114) - 8/76. Suppose 8*m - i*m = 20. What is the remainder when 10 is divided by m?
2
Let y(s) = -s**3 - s**2 + 2*s - 19. Let o be y(0). Let z = 75 - o. What is the remainder when z is divided by 24?
22
Let m(b) = 70*b**2 - b - 1. Let v(g) = g + 15. Suppose 22*o - 25*o = -27. What is the remainder when m(-1) is divided by v(o)?
22
Let t = -42 - -42. Suppose -u - 2 = t, -p = -2*p + 2*u + 15. Calculate the remainder when 43 is divided by p.
10
Suppose -w + 69 = -3*u, -4*w + 2*u + 145 = -141. Calculate the remainder when w is divided by 19.
15
Let i be (1/(-3))/((-14)/84). Suppose -5*n - 20 = -0*n, i*n + 68 = 5*f. What is the remainder when 45 is divided by f?
9
Suppose 0 = -5*q + 22 + 13. Let m(z) = z. Let y be m(1). Let g = y + q. What is the remainder when g is divided by 2?
0
Let a = 391 + -365. What is the remainder when 39 is divided by a?
13
Suppose -a = -5*a. Suppose -5*p - 20 = a, 0 = -2*g + 5*g + 3*p - 6. Calculate the remainder when 8 is divided by g.
2
Let z = 53 - 38. Calculate the remainder when 58 is divided by z.
13
Let u(b) = b + 18. Let x(h) = 3*h + 17. Calculate the remainder when u(3) is divided by x(-3).
5
Let q be (-12 + 7)/((-1)/(-11)) + 1. Let b = q + 68. What is the remainder when b is divided by 5?
4
Let x(l) = 5*l**2 - 80*l + 13. Let j = 11 + -8. What is the remainder when x(16) is divided by j?
1
Calculate the remainder when 377 is divided by 3*17 + (-23 - -26).
53
Let b be ((-138)/15 - -6)/((-2)/45). Suppose 4*k - b = 3*y + 61, 5*y = -2*k + 47. What is the remainder when 60 is divided by k?
29
Let t = 48 - 0. Suppose -58 = 3*o - 5*d, -4*o + o - 64 = d. Let f = t + o. What is the remainder when f is divided by 10?
7
Suppose 0*x - 19 = -x + 3*c, 3*x + c - 7 = 0. Suppose x*w - 450 = -w. Suppose 2*l - w = -l. Calculate the remainder when 59 is divided by l.
29
Suppose -46 = -2*n - 2*h, 3*h - 6 = 9. Suppose s = 4*d - 117, 2*s - n = d - 2*d. What is the remainder when d is divided by 15?
13
Let w = 233 + 52. Suppose 4*q + w = 1665. Calculate the remainder when 2*-1*q/(-10) is divided by 18.
15
Let g = 234 + -24. Suppose g = 5*p - 4*j, p - j - 36 = j. What is the remainder when p is divided by 17?
12
Let v(s) = -s**3 + 4*s**2 + 11*s - 5. Let r be 10/(-15)*(-45)/6. Let h be v(r). Let j = h - 22. Calculate the remainder when 3 is divided by j.
0
Let v(m) = -m - 3. Let w be v(-8). Suppose 2*s + 231 = w*s. Calculate the remainder when s is divided by 20.
17
Let f = -28 + 63. Let h = -7 + 11. Suppose 31 = h*r - n, -2*r - 9*n + 4*n = -43. Calculate the remainder when f is divided by r.
8
Let s = -230 - -155. What is the remainder when 131 is divided by 30/s + 57/5?
10
Calculate the remainder when ((-44)/(-6))/((-29)/(-174)) is divided by (36/(-2))/((-6)/6) + -3.
14
Let b(f) = f - 1. Let l(q) = q**3 - 4*q**2 + 2*q - 1. Let u be l(2). Let o be b(u). Let x = o - -36. What is the remainder when x is divided by 16?
14
Let j = -24 + 11. Let c = -11 - j. Suppose 2*w - 34 = -c*s, w + 2*s - 8 = 13. Calculate the remainder when 24 is divided by w.
11
Suppose -5*w = -10, 3*w + 0 = 3*d - 3. Let x(r) = r - 4. Let m be x(d). Calculate the remainder when 38 is divided by (m - (-64)/12)*3.
12
Let d = 506 - 465. Calculate the remainder when d is divided by 9.
5
Let l = 12227 - 12223. Let v(u) = 5*u**2 + u. Suppose y + 2*z - 9 = -2*y, -3*z = -4*y - 5. What is the remainder when v(y) is divided by l?
2
Suppose -16*r = -6*r - 230. Calculate the remainder when 67 is divided by r.
21
Let o(t) = t**2 + t - 46. Let s = -29 + 68. What is the remainder when s is divided by o(-8)?
9
Let a = -27 - -29. Let b(v) = 3*v**2 + 3*v**2 + 2*v**2 + 5*v**a - v. Calculate the remainder when 34 is divided by b(1).
10
Suppose -2*k - 19 = -25. Suppose 0 = 3*a - 3 - k, 0 = 2*r - 2*a. Suppose 0 = -r*b + 5*b - 24. Calculate the remainder when b is divided by 3.
2
Let m = 11 - -41. Suppose 4*l = m - 4. Calculate the remainder when 34 is divided by l.
10
Suppose -168 = -3*x - 3*i, -5*x - 5*i + 292 = -3*i. What is the remainder when x*((-12)/(-9) + -1) is divided by 6?
2
Suppose -5*a = j - 92, -4*a - 2*j = -a - 58. Let b(f) = 17*f + 36. Calculate the remainder when b(2) is divided by a.
16
Let v(s) = s**2 - 27. Let g be v(0). Let r = g + 23. Let d(t) = -t**3 - 2*t**2 + 4*t - 2. Calculate the remainder when d(r) is divided by 8.
6
What is the remainder when 121 is divided by ((-3)/(15/(-335)))/1?
54
Suppose -4*h = -3*h. Suppose 0 = -z - h*z + 28. Let k(a) = -2*a**3 - 85*a**2 - 45*a - 16. What is the remainder when k(-42) is divided by z?
26
Calculate the remainder when 15651/15 - (-33)/55 is divided by 95.
94
Let s = -1475 - -1478. Calculate the remainder when s is divided by 3.
0
Suppose 5*x - 265 = -0*x - 5*v, 5*x - 265 = 5*v. Calculate the remainder when x is di